 68*f**2 - 252*f - 3. Calculate w(-18).
-3
Let w(m) = m**2 - 33*m + 245. Give w(12).
-7
Let i(s) = -126*s**2 - 1126*s + 8. Calculate i(-9).
-64
Let x(m) = -m**2 - 31*m - 105. What is x(-3)?
-21
Let f(l) = -1013*l - 5107. Determine f(-5).
-42
Let p(z) = -z**2 + 581*z + 1161. What is p(-2)?
-5
Let b(f) = -f**2 + 23*f - 43. Determine b(4).
33
Let x(y) = 3*y**3 - 52*y**2 + 34*y + 4. What is x(16)?
-476
Let k(w) = -w**3 + 8*w**2 + 19*w - 48. What is k(10)?
-58
Let w(b) = 16*b**2 + 132*b + 10. Give w(-7).
-130
Let f(z) = z**3 + 19*z**2 - 26*z - 361. Determine f(-19).
133
Let p(b) = -758*b**2 - 22739*b + 29. Give p(-30).
-1
Let d(o) = 1481*o - 316936. Give d(214).
-2
Let f(a) = -a**2 + 38*a - 395. Calculate f(18).
-35
Let d(l) = -l**3 - 11*l**2 - 2*l - 112. Give d(0).
-112
Let x(n) = -15*n - 1743. Determine x(-118).
27
Let n(o) = o**3 + 23*o**2 - 139*o - 4. Calculate n(-28).
-32
Let y(i) = 35*i + 1678. Determine y(-45).
103
Let c(g) = -94*g**2 - 562*g + 6. Give c(-6).
-6
Let m(s) = -673*s - 1328. Calculate m(-2).
18
Let a(k) = 1813*k - 1814. What is a(1)?
-1
Let x(k) = 32*k - 2069. What is x(64)?
-21
Let c(a) = -a**3 + 27*a**2 - 90*a - 57. Calculate c(23).
-11
Let x(i) = -i**3 - 2*i**2 - 2*i + 22. Give x(0).
22
Let d(k) = 2*k**3 - 19*k**2 + 62*k - 519. Determine d(9).
-42
Let o(z) = 2562*z + 5135. Give o(-2).
11
Let y(t) = -t**3 + 11*t**2 - 29*t - 4. Give y(6).
2
Let l(s) = 118*s + 2823. What is l(-24)?
-9
Let n(t) = 2*t**3 + 107*t**2 + 8*t - 2395. Give n(-53).
-10
Let z(q) = q**2 - 60*q + 891. Calculate z(34).
7
Let a(i) = 5*i**3 - 189*i**2 + 153*i - 189. What is a(37)?
-4
Let c(p) = -44*p - 3736. Give c(-85).
4
Let g(d) = d**2 + 31*d + 65. Calculate g(-28).
-19
Let k(a) = -2*a**2 + 96*a - 261. Determine k(45).
9
Let q(c) = -c**3 + 20*c**2 - 40*c + 55. Give q(18).
-17
Let l(z) = -8*z + 96. Determine l(8).
32
Let i(b) = b**2 - 3866*b + 50080. Give i(13).
-9
Let j(l) = 2*l**2 + 103*l + 756. Calculate j(-8).
60
Let o(l) = -13*l**2 - 5*l + 120. Calculate o(8).
-752
Let h(l) = 8*l**3 + 7*l**2 - 15*l + 9. Calculate h(1).
9
Let l(p) = -p**2 - 70*p - 62. Give l(-69).
7
Let l(w) = -511*w + 2748. Give l(6).
-318
Let y(g) = 43*g**2 - 88*g - 2. Give y(2).
-6
Let b(u) = -6*u - 84. Calculate b(-11).
-18
Let t(u) = -8*u**2 + 3*u + 6. Give t(4).
-110
Let o(v) = v**3 - 71*v**2 + 96*v - 1622. Determine o(70).
198
Let m(v) = 20*v**3 + 8*v**2 - 18*v + 19. Determine m(1).
29
Let j(p) = p**3 + 4*p**2 + 59*p + 356. Give j(-6).
-70
Let p(c) = -c**3 - 29*c**2 - 94*c + 146. Give p(-25).
-4
Let k(m) = m**2 + 395*m + 4972. Calculate k(-13).
6
Let n(c) = 3*c**2 + 7*c - 52. What is n(3)?
-4
Let x(k) = -k**3 - 84*k**2 - 1048*k - 182. Determine x(-15).
13
Let j(a) = 2*a**3 - 9*a**2 + 29*a - 15. Give j(5).
155
Let p(k) = 10*k - 434. Give p(37).
-64
Let g(w) = 10*w + 39. What is g(-18)?
-141
Let o(a) = a**2 + 13*a - 29. What is o(-15)?
1
Let p(k) = 520*k + 928. Calculate p(-2).
-112
Let p(h) = -h**2 - 29*h. What is p(-26)?
78
Let b(x) = x**3 - 15*x**2 + 78*x - 498. Give b(12).
6
Let h(r) = 169*r + 71480. Calculate h(-423).
-7
Let w(b) = -b**2 + 14*b - 42. Give w(8).
6
Let p(h) = -8*h**3 + h**2 - 3*h + 2. Give p(1).
-8
Let h(i) = -i**3 + 15*i**2 + 28*i - 154. Calculate h(13).
548
Let g(m) = 21*m**2 - 381*m + 53. Calculate g(18).
-1
Let t(v) = 6*v**2 + 91*v + 429. Determine t(-5).
124
Let p(z) = 41*z**2 + 1779*z - 1093. Determine p(-44).
7
Let d(v) = -25*v**2 - 87*v - 87. What is d(-1)?
-25
Let h(w) = w**2 + 72*w + 943. What is h(-41)?
-328
Let s(z) = 4*z**2 + 106*z + 25. Determine s(-26).
-27
Let t(x) = -631*x - 25252. Determine t(-40).
-12
Let a(w) = 3151*w + 59868. What is a(-19)?
-1
Let t(y) = 3*y**3 - 283*y**2 + 105*y - 1040. Give t(94).
-6
Let x(s) = 22*s**2 + 317*s + 15. Determine x(-15).
210
Let i(c) = -7*c**2 - 89*c + 389. Determine i(4).
-79
Let b(r) = -38*r**3 + 3*r**2 - 3*r + 7. Calculate b(-2).
329
Let n(d) = 219*d + 1759. What is n(-8)?
7
Let c(k) = -k**2 - 48*k - 140. What is c(-43)?
75
Let o(s) = -2*s**3 - 8*s**2 + 11. Give o(3).
-115
Let p(n) = -12*n**2 - 13*n - 10. Calculate p(0).
-10
Let r(i) = -95*i - 8923. Give r(-94).
7
Let u(n) = n**3 - 2*n**2 - n + 98. Give u(-4).
6
Let y(x) = x**2 + 15*x + 41. Calculate y(-20).
141
Let c(p) = -9*p**3 + 2*p**2 + 28*p - 12. What is c(4)?
-444
Let j(m) = 607*m - 6080. Calculate j(10).
-10
Let p(i) = -3*i**2 - 55*i - 14. Give p(-17).
54
Let v(s) = -s**3 - 13*s**2 + 2*s. What is v(-13)?
-26
Let m(v) = 1831*v + 23801. Calculate m(-13).
-2
Let g(a) = -2*a**2 - 12*a + 32. Give g(-10).
-48
Let c(s) = s**3 + 79*s**2 + 73*s - 269. Determine c(-78).
121
Let j(s) = s**3 - 24*s**2 + 104*s + 24. Give j(6).
0
Let s(b) = -3*b**3 + 4*b**2 - 113*b + 571. What is s(5)?
-269
Let u(s) = -158*s + 4245. Calculate u(27).
-21
Let g(w) = w**3 + 16*w**2 - 52*w - 999. Calculate g(-15).
6
Let m(b) = 4*b**3 + 12*b**2 - 7*b + 9. Calculate m(3).
204
Let t(i) = -i**3 + 7*i**2 + 3*i - 26. Determine t(10).
-296
Let a(z) = -84*z - 872. Calculate a(-12).
136
Let o(i) = 6*i**2 + 80*i + 25. Calculate o(-12).
-71
Let m(b) = b**2 + 122*b - 386. Calculate m(3).
-11
Let k(r) = -14*r - 70. Calculate k(-10).
70
Let x(u) = -49*u**2 + 28*u + 27. Calculate x(-1).
-50
Let v(z) = 8*z**2 - 16*z - 51. Determine v(-3).
69
Let r(f) = 405*f + 30375. Calculate r(-75).
0
Let o(h) = -186*h + 739. What is o(4)?
-5
Let q(t) = 9*t**2 + 62*t - 288. Calculate q(-10).
-8
Let r(x) = -2*x**3 + 113*x**2 - 374*x + 155. What is r(53)?
-4
Let g(m) = -31*m - 65. What is g(-6)?
121
Let p(r) = -r**3 + 38*r**2 - 171*r + 185. Give p(33).
-13
Let m(h) = -43*h**2 - 9*h + 33. Give m(3).
-381
Let j(a) = 35*a - 555. Calculate j(17).
40
Let m(l) = 1609*l - 11258. Determine m(7).
5
Let g(s) = -442*s + 406. Calculate g(1).
-36
Let p(s) = -11*s + 90. Give p(15).
-75
Let y(a) = 113*a + 1572. What is y(-14)?
-10
Let t(s) = -31*s**2 + 10*s + 37. Give t(5).
-688
Let h(j) = 32*j - 57. Calculate h(11).
295
Let f(c) = -c**3 - 2*c + 4. Calculate f(-6).
232
Let w(q) = 2*q**3 - 3*q**2 - q + 13. Calculate w(-3).
-65
Let u(r) = 61*r**3 + r**2 - 28*r + 26. Calculate u(1).
60
Let n(w) = 17*w + 648. What is n(-36)?
36
Let z(u) = 7*u + 94. Give z(-11).
17
Let t(i) = -i**3 - 17*i**2 - 95*i - 12. Give t(-9).
195
Let x(q) = 208*q + 1036. What is x(-5)?
-4
Let f(g) = -g**2 - 126*g - 1960. Calculate f(-108).
-16
Let j(s) = -2*s**2 + 29*s + 1327. What is j(34)?
1
Let w(a) = 72*a - 1347. Give w(19).
21
Let c(o) = -2*o**2 - 938*o + 5705. What is c(6)?
5
Let c(w) = -10*w**2 + 122*w - 6. Give c(12).
18
Let y(b) = -84*b**2 - 6*b + 6. What is y(1)?
-84
Let n(a) = 787*a + 788. Determine n(-1).
1
Let c(a) = -a**2 - 59*a - 886. Give c(-28).
-18
Let z(m) = m**2 - 51*m - 1071. What is z(67)?
1
Let f(r) = 79*r - 389. Give f(5).
6
Let a(j) = 2*j**2 + 1117*j + 5536. Calculate a(-5).
1
Let b(r) = -6*r**2 - r - 57. Give b(-3).
-108
Let h(w) = -85*w + 3112. What is h(37)?
-33
Let p(s) = 42*s**3 - 11*s + 25. Determine p(2).
339
Let c(x) = 6*x**2 - 33*x + 103. Determine c(5).
88
Let f(d) = -28*d - 790. Give f(-26).
-62
Let d(z) = -117*z - 461. Give d(-4).
7
Let i(a) = -12*a + 39. What is i(-4)?
87
Let a(g) = 6*g**3 - 6*g**2 - 3*g + 2. Determine a(4).
278
Let a(i) = -i**3 - 42*i**2 + 166*i + 3425. What is a(-44)?
-7
Let g(l) = l**2 + 34*l - 18. Give g(-17).
-307
Let o(d) = 214*d - 7928. What is o(37)?
-10
Let i(p) = -p**3 + 4*p**2 - 12*p + 29. Calculate i(2).
13
Let h(m) = -3*m**3 + m**2 + 31*m - 7. Calculate h(4).
-59
Let x(o) = 4*o**2 - 283*o - 1718. What is x(-6)?
124
Let z(h) = 20*h + 80. Calculate z(-10).
-120
Let u(z) = 178*z**3 + 27*z**2 + 29*z + 1. Calculate u(-1).
-179
Let c(b) = 87*b - 2540. Give c(29).
-17
Let r(n) = -n**3 - 13*n**2 + 49*n + 786. Give r(-11).
5
Let m(l) = -6*l**2 - 109*l + 358. Determine m(-21).
1
Let s(o) = o**2 + 7*o + 8. Calculate s(-5).
-2
Let r(g) = -g**3 - 10*g + 22. Determine r(2).
-6
Let f(t) = -158*t + 1771. Give f(11).
33
Let u(v) = 6*v**3 + 23*v**2 - 3*v + 11. Give u(-5).
-149
Let m(b) = -377*b - 3028. Give m(-8).
-12
Let y(t) = 49*t + 45. Determine y(-9).
-396
Let b(s) = -8*s**2 + 66*s - 57. Give b(7).
13
Let i(q) = 2*q**3 + 30*q**2 - 149*q + 50. Calculate i(-19).
-7
Let u(m) = -9*m**3 + 6*m**2 + 19*m - 46. Determine u(3).
-178
Let a(b) = -b**3 - 18*b**2 - 83*b - 1483. Calculate a(-18).
11
Let p(x) = 5439*x